 Let s(x) = -2*x - 11. Let u be s(v). What are the prime factors of ((-12)/24)/(u/50)?
5
Let c(x) = 5*x - 37. Let w be c(8). Suppose -w*u - 2*z + z = -548, -4*z + 168 = u. List the prime factors of u.
2, 23
Suppose 0 = 8*q - 981 - 595. Suppose 47 + q = 4*g. List the prime factors of g.
61
Let b(x) = 2*x**3 - 2*x**2 - 3. Let m be b(2). Suppose -s + o + 98 = -4*o, 513 = m*s - 2*o. What are the prime factors of s?
103
Suppose 11*o - 946 = 4312. List the prime factors of o.
2, 239
Suppose 3*g - 3*s = 906, -2*g + 2*s + 2*s = -614. What are the prime factors of g?
3, 11
Let p be 28/14 - (-3 + 0). Suppose -p*n + n + 4*y = -1072, 0 = 4*n + 5*y - 1063. What are the prime factors of n?
3, 89
List the prime factors of 15*(((-656)/(-6) - -5) + -5).
2, 5, 41
Let v(a) = -4*a - 5 + 2*a + 1. Let w be v(-2). Suppose w = -4*l + 146 + 14. What are the prime factors of l?
2, 5
Let h be 2 - (-3 - (-24)/4). Let q = h + 14. Suppose 4*l - 31 = q. What are the prime factors of l?
11
Suppose -2 = 2*u - 14. Let x(j) = -1 + 15*j - 7 - j**2 - u. What are the prime factors of x(7)?
2, 3, 7
Let a(k) = k**3 + 7*k**2 + 7. Let b be a(-7). Suppose 30 = -3*i + b*o - 3*o, 0 = -5*i - 3*o - 50. Let n = i - -16. List the prime factors of n.
2, 3
Let l be -98 + -2 + -1 + 1. Let k(o) = o**3 - 14*o**2 + 22*o + 10. Let j be k(12). List the prime factors of l/2*7/j.
5
Suppose 2*o - 24 = -128. Let a = -37 - o. Suppose -s + 6*s = a. What are the prime factors of s?
3
Suppose -469*s + 486*s = 1377. List the prime factors of s.
3
Let g = 228 + -148. Suppose g = 3*t - 91. What are the prime factors of t?
3, 19
Let l(f) be the third derivative of -f**6/120 + f**4/24 - 2*f**3 + 4*f**2. Let c be l(0). List the prime factors of 9/2*c/(-6).
3
Let b = 32 - 16. Let o = b + -9. Suppose -4*w - 274 = -4*q - o*w, 3*q - 5*w = 191. What are the prime factors of q?
67
Let k(s) = -2*s + 8. Let c(n) = n**2 + 3*n - 11. Let y be c(-6). Let d be k(y). Let v = 8 - d. What are the prime factors of v?
2, 7
Suppose j + v = -4, -j - 12 = -5*j + 3*v. Let o be 8/20 - (-16)/10. Suppose 4*h - 72 = c, -h + o*c + j = -11. List the prime factors of h.
19
Let u = 6096 - 3923. What are the prime factors of u?
41, 53
Let x = 1 + -1. Suppose x = -o + 4, o = 5*y - o - 12. Suppose 0 = -5*a + y*q + 31, 3*q + 13 = 2*a + 2. What are the prime factors of a?
7
Suppose 570 = 34*o - 37*o. Let m = 298 + o. List the prime factors of m.
2, 3
Let u = -8 - -7. Let c be (-1)/((-2)/(-8)*u). Suppose 4*i = 3*i + c. List the prime factors of i.
2
Suppose -3*d = 3, 43*o + 3153 = 45*o - d. What are the prime factors of o?
2, 197
Suppose -11*d = -5*a - 12*d + 11395, 4*a - 4*d - 9140 = 0. What are the prime factors of a?
2, 3, 5, 19
Suppose 3*y = -5*h + 3*h + 2654, 0 = -5*y + 2*h + 4418. What are the prime factors of y?
2, 13, 17
Suppose 5*p - 4*a = 3390, p - 75 - 603 = 4*a. List the prime factors of p.
2, 3, 113
Let v be (-50)/(-20)*(-6)/(-5). Let p(y) = 5*y**2 - y + 8. List the prime factors of p(v).
2, 5
Let p(k) be the second derivative of k**5/20 - k**4/2 + 5*k**3/3 + k**2/2 - 17*k. List the prime factors of p(7).
2, 3, 5
Let n(q) = 20*q + 78. Let c be n(-15). Let s = 374 + c. What are the prime factors of s?
2, 19
Suppose -3*h - 2*h + 125 = 0. Let l = h - -3. List the prime factors of 1/(2 + l/(-16)).
2
Let g = 430 + -335. What are the prime factors of g?
5, 19
Let k = -56 - -3843. List the prime factors of k.
7, 541
Let z = -539 - -907. Suppose 0*o = -2*o + z. Suppose o - 76 = 2*x. List the prime factors of x.
2, 3
Suppose 4*z - 158 = -138. Let v(q) = 23*q**3 - q. Let d be v(1). Suppose 3*x + d = z*x. What are the prime factors of x?
11
Let a(f) = -18*f - 242*f + 1 - 1. List the prime factors of a(-1).
2, 5, 13
Suppose -25*q + 18292 = 9*q. List the prime factors of q.
2, 269
Suppose 2*i + c - 582 = 0, 0 = 5*i + 3*c - 1874 + 417. Let q = i + -50. List the prime factors of q.
239
List the prime factors of -13 + 409 - (-9)/(-2 + 5).
3, 7, 19
Suppose -4*d - 8 = -40. Suppose -2*o = -d*o. Suppose o = 4*q - 19 - 41. List the prime factors of q.
3, 5
Let a = 147 + 570. What are the prime factors of a?
3, 239
Let k(i) be the first derivative of i**3/3 + 7*i**2/2 + 1. Let h be k(-5). List the prime factors of 4*h/(-1) + -4.
2, 3
Suppose 3*d = -3*w + 554 + 3235, 0 = 2*w - 3*d - 2501. List the prime factors of w.
2, 17, 37
Let x be 42132/24 + (-6)/(-4) + -2. Suppose 15*v = 6*v + x. List the prime factors of v.
3, 5, 13
Suppose u = 4*g + 884, 5*g + 3219 = 5*u - 1246. What are the prime factors of u?
2, 7
Suppose -13*x + 759 = -1971. What are the prime factors of x?
2, 3, 5, 7
Suppose s - 2*w = 3*s - 2640, s - 1332 = 2*w. List the prime factors of s.
2, 331
Suppose -4*f + 10 = -6. Suppose 0*u - u = 4*n + 16, -n - 4 = -f*u. List the prime factors of 63/(22/4 + n).
2, 3, 7
Let t(w) = 38*w**2 + 7*w - 12. What are the prime factors of t(3)?
3, 13
Let q(x) = -12*x - 33. Let t(p) = 18*p + 50. Let c(r) = -7*q(r) - 5*t(r). What are the prime factors of c(-4)?
5
What are the prime factors of 34/9 + (-26)/(-117) + 2496?
2, 5
Let i = 1751 + -1236. What are the prime factors of i?
5, 103
Let d = 17 + -7. Let w(k) = k**2 - 13*k + 12. Let p be w(d). What are the prime factors of p/(-63) + 444/14?
2
Let q be 6 + 11 - -4*1. Suppose 3*r = -q + 435. Suppose 0*t - t = 5*n - r, -3*n = -3*t - 90. List the prime factors of n.
2, 7
Let c(v) = 19*v + 1. Let m be c(1). Suppose 5*f - 2*t = 13, -t - 4*t + 20 = 5*f. Let p = m + f. List the prime factors of p.
23
Let d be 5 - (2 + (-115 - -4)). Let k = -80 + d. What are the prime factors of k?
2, 17
Suppose -5*y - 56 = -3*c - 4*y, 4*c + y = 70. Suppose -c = -4*u - 10. Suppose -4*p - 5*q = -0*p - 60, u*q - 32 = -2*p. List the prime factors of p.
2, 5
List the prime factors of 6/51 - (12066/(-34) + -6).
19
Let l = -5269 + 8585. What are the prime factors of l?
2, 829
Let f(h) = h**2 + h + 5. Let o be (-6)/(-9) - (-8)/(-12). Let u be f(o). Suppose u*j - 90 = 2*j. What are the prime factors of j?
2, 3, 5
Let w(p) be the first derivative of 13*p**2/2 - 10*p - 11. List the prime factors of w(8).
2, 47
Let l be 275/(-10)*10/(-25). Suppose l*p - 560 = p. What are the prime factors of p?
2, 7
Suppose 5 = -4*q - 4*g + 13, 4*q - g = 18. Suppose q*i = 193 + 111. What are the prime factors of i?
2, 19
Suppose -g - 13 = p, 57 = p - 4*p + 3*g. What are the prime factors of (-615)/(-6) + 8/p?
2, 3, 17
Let q(h) = h**3 + 4*h**2 + 2*h + 1. Let o be q(-3). Suppose 0*t + t = r - 90, 2*r + 4*t - 180 = 0. Suppose -o*v + r = v. What are the prime factors of v?
2, 3
Suppose 2*l = -3*f + 1072, 4*l = -f + 66 + 278. Suppose -f = -o - 9*o. List the prime factors of o.
2, 3
Let o(w) = w + 14. Suppose -11 + 59 = 4*q. What are the prime factors of o(q)?
2, 13
Let l be (2/(-3))/((-8)/(-132)). Let b = l + 11. What are the prime factors of 17 + b/(5 + -2)?
17
Suppose -4*v + 294 = -10*v. What are the prime factors of v/1*(2 + -3) + 1?
2, 5
Let p = 54 + -51. Suppose -t - 4*t = 3*r - 561, 0 = -p*t + 9. What are the prime factors of r?
2, 7, 13
Let h(p) = -9*p**3 - p. Let f = -6 - -8. Let d = 1 - f. What are the prime factors of h(d)?
2, 5
Let d(v) = -3*v**2 - v + 5. Let k be d(-3). Let q = 20 + k. What are the prime factors of (-1)/(((-2)/122)/q)?
61
What are the prime factors of (6 + -2 - 5) + 273?
2, 17
Suppose 5*x - 79 - 65 = 3*v, -4*x - 5*v + 93 = 0. Suppose -3*s = -540 + x. List the prime factors of s.
3, 19
Let s = 683 + -144. What are the prime factors of s?
7, 11
Let n be (316 - -1)/(0 - 1). Let i = 477 + n. Suppose -2*f + i = 2*f. List the prime factors of f.
2, 5
Suppose 3*n - n - 32 = 0. Suppose -2*l = -0*f + 4*f + 26, 2*l = 2*f + 28. Let d = n + f. What are the prime factors of d?
7
Let v = 564 + 108. List the prime factors of v.
2, 3, 7
Suppose 13230 = 18*s + 12*s. List the prime factors of s.
3, 7
Let r(d) = 2*d**2 + 4*d + 2. Let m be r(-2). Suppose 2*n - m*u - 7 = 3*u, -4*u + 20 = 0. Suppose b - 2*b = -n. What are the prime factors of b?
2
Let u(i) = i**2 + 10*i - 7. Let k be u(-8). Let s = 50 - k. List the prime factors of s.
73
Suppose 3 - 5 = -2*x. Suppose -x = 4*w + 3. Let p(j) = -12*j - 1. What are the prime factors of p(w)?
11
Suppose m + 46 = 3*q + 18, -2*m = -4. Suppose 228 = q*w - 4*w. List the prime factors of w.
2, 19
Let d = 725 + -500. Wha